{"id":2109,"date":"2022-10-10T11:40:56","date_gmt":"2022-10-10T11:40:56","guid":{"rendered":"https:\/\/lukladek.pl\/?page_id=2109"},"modified":"2024-01-22T07:46:19","modified_gmt":"2024-01-22T07:46:19","slug":"deklaracja-dostepnosci","status":"publish","type":"page","link":"https:\/\/lukladek.pl\/index.php\/deklaracja-dostepnosci\/","title":{"rendered":"Deklaracja dost\u0119pno\u015bci"},"content":{"rendered":"\t\t<div data-elementor-type=\"wp-page\" data-elementor-id=\"2109\" class=\"elementor elementor-2109\">\n\t\t\t\t\t\t<section class=\"elementor-section elementor-top-section elementor-element elementor-element-98e5837 elementor-section-boxed elementor-section-height-default elementor-section-height-default\" data-id=\"98e5837\" data-element_type=\"section\">\n\t\t\t\t\t\t<div class=\"elementor-container elementor-column-gap-default\">\n\t\t\t\t\t<div class=\"elementor-column elementor-col-100 elementor-top-column elementor-element elementor-element-f32f124\" data-id=\"f32f124\" data-element_type=\"column\">\n\t\t\t<div class=\"elementor-widget-wrap elementor-element-populated\">\n\t\t\t\t\t\t<div class=\"elementor-element elementor-element-65dd3e4 elementor-widget elementor-widget-heading\" data-id=\"65dd3e4\" data-element_type=\"widget\" data-widget_type=\"heading.default\">\n\t\t\t\t<div class=\"elementor-widget-container\">\n\t\t\t\t\t<h2 class=\"elementor-heading-title elementor-size-default\">Deklaracja dost\u0119pno\u015bci <\/h2>\t\t\t\t<\/div>\n\t\t\t\t<\/div>\n\t\t\t\t\t<\/div>\n\t\t<\/div>\n\t\t\t\t\t<\/div>\n\t\t<\/section>\n\t\t\t\t<section class=\"elementor-section elementor-top-section elementor-element elementor-element-690ac33 elementor-section-boxed elementor-section-height-default elementor-section-height-default\" data-id=\"690ac33\" data-element_type=\"section\">\n\t\t\t\t\t\t<div class=\"elementor-container elementor-column-gap-default\">\n\t\t\t\t\t<div class=\"elementor-column elementor-col-100 elementor-top-column elementor-element elementor-element-3256d2b\" data-id=\"3256d2b\" data-element_type=\"column\">\n\t\t\t<div class=\"elementor-widget-wrap elementor-element-populated\">\n\t\t\t\t\t\t<div class=\"elementor-element elementor-element-d6b3133 elementor-widget elementor-widget-text-editor\" data-id=\"d6b3133\" data-element_type=\"widget\" data-widget_type=\"text-editor.default\">\n\t\t\t\t<div class=\"elementor-widget-container\">\n\t\t\t\t\t\t\t\t\t<p>Deklaracja dost\u0119pno\u015bci Strona firmowa L\u0105deckich Us\u0142ug Komunalnych Sp. z o. o.<\/p>\n<p>L\u0105deckie Us\u0142ugi Komunalne Sp. z o.o. zobowi\u0105zuje si\u0119 zapewni\u0107 dost\u0119pno\u015b\u0107 swojej strony internetowej zgodnie z przepisami ustawy z dnia 4 kwietnia 2019 r. o dost\u0119pno\u015bci cyfrowej stron internetowych i aplikacji mobilnych podmiot\u00f3w publicznych. O\u015bwiadczenie w sprawie dost\u0119pno\u015bci ma zastosowanie do strony internetowej Strona firmowa L\u0105deckich Us\u0142ug Komunalnych Sp. z o.o.<\/p>\n<p>Data publikacji strony internetowej: 2018-01-02<br>Data ostatniej istotnej aktualizacji: 2020-08-12<\/p>\n<p><b>Status pod wzgl\u0119dem zgodno\u015bci z ustaw\u0105<\/b><\/p>\n<p>Strona internetowa jest cz\u0119\u015bciowo zgodna z ustaw\u0105 o dost\u0119pno\u015bci cyfrowej stron internetowych i aplikacji mobilnych podmiot\u00f3w publicznych z powodu niezgodno\u015bci lub wy\u0142\u0105cze\u0144 wymienionych poni\u017cej.<\/p>\n<p><u>Tre\u015bci niedost\u0119pne<\/u><br>&#8211; Pliki PDF, DOC itp. &#8211; redaktorzy staraj\u0105 si\u0119 ograniczy\u0107 do minimum korzystanie z takich plik\u00f3w i osadza\u0107 teksty bezpo\u015brednio w serwisie. Odr\u0119bn\u0105 kwesti\u0105 jest poprawne formatowanie plik\u00f3w tak, by by\u0142y one dost\u0119pne (np. powinny posiada\u0107 struktur\u0119 znacznik\u00f3w, czyli tagowanie).<br>&#8211; Serwis zawiera dokumenty PDF, kt\u00f3re powsta\u0142y na podstawie \u017ale przygotowanych dokument\u00f3w word (nie ma w nich dobrze zaznaczonej logicznej struktury) &#8211; lub s\u0105 skanami dokument\u00f3w. W miar\u0119 mo\u017cliwo\u015bci b\u0119dziemy to poprawia\u0107, oraz dok\u0142ada\u0107 stara\u0144 by nowe dokumenty przygotowywane by\u0142y poprawnie.<br>&#8211; Nieczytelne przez czytniki ekranu dokumenty PDF u\u017cytkownicy mog\u0105 rozpozna\u0107 narz\u0119dziem OCR.<br>&#8211; Wybrane dokumenty opublikowane na stronie s\u0105 niedost\u0119pne z uwagi na fakt, \u017ce:&nbsp;<br><span style=\"font-style: inherit; font-weight: inherit; color: var(--ast-global-color-3);\">&#8211; pochodz\u0105 z r\u00f3\u017cnych \u017ar\u00f3de\u0142, <br>&#8211; s\u0105 bardzo obszerne, a ich wytworzenie odbywa\u0142o si\u0119 w kilku kom\u00f3rkach organizacyjnych, co uniemo\u017cliwia\u0142o wp\u0142yw na ich docelow\u0105 tre\u015b\u0107 oraz kszta\u0142t, <br>&#8211; opublikowane zosta\u0142y w oparciu o zasady przyj\u0119te w innej instytucji, posiadaj\u0105 struktur\u0119, w kt\u00f3r\u0105 nie ma mo\u017cliwo\u015bci ingerencji, opublikowane zosta\u0142y przed wej\u015bciem w \u017cycie ustawy o dost\u0119pno\u015bci cyfrowej,&nbsp;<br><\/span><span style=\"font-style: inherit; font-weight: inherit; color: var(--ast-global-color-3);\">&#8211; cze\u015b\u0107 film\u00f3w zamieszczonych w serwisie mo\u017ce nie posiada\u0107 napis\u00f3w lub audiodeskrypcji, z uwagi na fakt, \u017ce zosta\u0142y opublikowane r\u00f3wnie\u017c przed wej\u015bciem w \u017cycie ustawy o dost\u0119pno\u015bci cyfrowej,&nbsp;<\/span><span style=\"font-style: inherit; font-weight: inherit; color: var(--ast-global-color-3);\">z uwagi na ograniczenia systemowe w serwisie <br>&#8211; nie jest przez redaktor\u00f3w stosowany znacznik lang w odniesieniu do tytu\u0142\u00f3w lub tekst\u00f3w alternatywnych,&nbsp;<\/span><span style=\"font-style: inherit; font-weight: inherit; color: var(--ast-global-color-3);\">na niekt\u00f3rych stronach mo\u017ce wyst\u0105pi\u0107 niepoprawna struktura nag\u0142\u00f3wkowa, <br><\/span><span style=\"font-style: inherit; font-weight: inherit; color: var(--ast-global-color-3);\">&#8211; wi\u0119kszo\u015b\u0107 tabel zbudowana jest prawid\u0142owo, mog\u0105 jednak wyst\u0105pi\u0107 takie, w kt\u00f3rych wiersz nag\u0142\u00f3wkowy nie b\u0119dzie powi\u0105zany z kom\u00f3rkami, przez co czytniki ekranu os\u00f3b niewidomych mog\u0105 te tabele odczytywa\u0107 niepoprawnie.<\/span><\/p>\n<p><u>Wy\u0142\u0105czenia<\/u><br>Mapy s\u0105 wy\u0142\u0105czone z obowi\u0105zku zapewniania dost\u0119pno\u015bci.<br><u>Przygotowanie deklaracji w sprawie dost\u0119pno\u015bci:<\/u><br><span style=\"font-style: inherit; font-weight: inherit; color: var(--ast-global-color-3);\">Deklaracj\u0119 sporz\u0105dzono dnia: 2020-10-21<br><\/span><span style=\"font-style: inherit; font-weight: inherit; color: var(--ast-global-color-3);\">Deklaracj\u0119 zosta\u0142a ostatnio poddana przegl\u0105dowi i aktualizacji dnia: 2024-01-22<br><\/span><span style=\"font-style: inherit; font-weight: inherit; color: var(--ast-global-color-3);\">Deklaracj\u0119 sporz\u0105dzono na podstawie samooceny.<\/span><\/p>\n<p><u>Informacje zwrotne i dane kontaktowe:<\/u><br>Za rozpatrywanie uwag i wniosk\u00f3w odpowiada: Technik Informatyk<br>E-mail: informatyk@lukladek.pl<br>Telefon: 748146345 wew. 25<\/p>\n<p><u>Ka\u017cdy ma prawo:<br><\/u><span style=\"font-style: inherit; font-weight: inherit; color: var(--ast-global-color-3);\">&#8211;&nbsp;zg\u0142osi\u0107 uwagi dotycz\u0105ce dost\u0119pno\u015bci cyfrowej strony lub jej elementu,<br><\/span><span style=\"font-style: inherit; font-weight: inherit; color: var(--ast-global-color-3);\">&#8211; zg\u0142osi\u0107 \u017c\u0105danie zapewnienia dost\u0119pno\u015bci cyfrowej strony lub jej elementu,<br><\/span><span style=\"font-style: inherit; font-weight: inherit; color: var(--ast-global-color-3);\">&#8211; wnioskowa\u0107 o udost\u0119pnienie niedost\u0119pnej informacji w innej alternatywnej formie.<\/span><\/p>\n<p><u>\u017b\u0105danie musi zawiera\u0107:<br><\/u><span style=\"font-style: inherit; font-weight: inherit; color: var(--ast-global-color-3);\">&#8211;&nbsp;dane kontaktowe osoby zg\u0142aszaj\u0105cej,<br><\/span><span style=\"font-style: inherit; font-weight: inherit; color: var(--ast-global-color-3);\">&#8211; wskazanie strony lub elementu strony, kt\u00f3rej dotyczy \u017c\u0105danie,<br><\/span><span style=\"font-style: inherit; font-weight: inherit; color: var(--ast-global-color-3);\">&#8211; wskazanie dogodnej formy udost\u0119pnienia informacji, je\u015bli \u017c\u0105danie dotyczy udost\u0119pnienia w formie alternatywnej informacji niedost\u0119pnej.<\/span><\/p>\n<p>Rozpatrzenie zg\u0142oszenia powinno nast\u0105pi\u0107 niezw\u0142ocznie, najp\u00f3\u017aniej w ci\u0105gu 7 dni. Je\u015bli w tym terminie zapewnienie dost\u0119pno\u015bci albo zapewnienie dost\u0119pu w alternatywnej formie nie jest mo\u017cliwe, powinno nast\u0105pi\u0107 najdalej w ci\u0105gu 2 miesi\u0119cy od daty zg\u0142oszenia.<\/p>\n<p><u>Skargi i odwo\u0142ania:<br><\/u><span style=\"font-style: inherit; font-weight: inherit; color: var(--ast-global-color-3);\">Na niedotrzymanie tych termin\u00f3w oraz na odmow\u0119 realizacji \u017c\u0105dania mo\u017cna z\u0142o\u017cy\u0107 skarg\u0119 do organu nadzoruj\u0105cego poczt\u0105 lub drog\u0105 elektroniczn\u0105 na adres:<\/span><\/p>\n<p><u>Organ nadzoruj\u0105cy: <\/u><br>Prezes L\u0105deckich Us\u0142ug Komunalnych Sp. z o. o.<br>Adres: ul. Fabryczna 7a<br>57-540 L\u0105dek-Zdr\u00f3j<br>E-mail: sekretariat@lukladek.pl<br>Telefon: 748146345<\/p>\n<p>Skarg\u0119 mo\u017cna z\u0142o\u017cy\u0107 r\u00f3wnie\u017c do Rzecznika Praw Obywatelskich.&nbsp;<a style=\"font-size: 1rem; color: #002f5e; text-decoration-line: underline; background-color: #ffffff; word-break: break-word; font-family: 'Open Sans', sans-serif, Arial, Helvetica, 'Apple Color Emoji', 'Segoe UI Emoji', 'Segoe UI Symbol', 'Noto Color Emoji';\" href=\"https:\/\/www.rpo.gov.pl\/\" target=\"_blank\" rel=\"noopener\">https:\/\/www.rpo.gov.pl\/<\/a><\/p>\n<p><u>Dost\u0119pno\u015b\u0107 architektoniczna:<\/u><br>&#8211; Wej\u015bcie do budynku od ul. Fabrycznej 7a, (brak windy dla niepe\u0142nosprawnych).<br>&#8211; Obiekt chroniony ca\u0142odobowo, teren zamkni\u0119ty.<br>&#8211; Parking wewn\u0119trzny niedost\u0119pny dla os\u00f3b trzecich, nieakredytowanych.<br>&#8211; Parking zewn\u0119trzny dla klient\u00f3w w tym 1 dla osob niepelnospranych.<br>&#8211; Wst\u0119p na teren obiektu mo\u017cliwy po uprzednim zg\u0142oszeniu.<br>&#8211; Brak osoby pos\u0142uguj\u0105cej si\u0119 j\u0119zykiem migowym.<\/p>\t\t\t\t\t\t\t\t<\/div>\n\t\t\t\t<\/div>\n\t\t\t\t\t<\/div>\n\t\t<\/div>\n\t\t\t\t\t<\/div>\n\t\t<\/section>\n\t\t\t\t<\/div>\n\t\t","protected":false},"excerpt":{"rendered":"<p>Deklaracja dost\u0119pno\u015bci Deklaracja dost\u0119pno\u015bci Strona firmowa L\u0105deckich Us\u0142ug Komunalnych Sp. z o. o. L\u0105deckie Us\u0142ugi Komunalne Sp. z o.o. zobowi\u0105zuje si\u0119 zapewni\u0107 dost\u0119pno\u015b\u0107 swojej strony internetowej zgodnie z przepisami ustawy z dnia 4 kwietnia 2019 r. o dost\u0119pno\u015bci cyfrowej stron internetowych i aplikacji mobilnych podmiot\u00f3w publicznych. O\u015bwiadczenie w sprawie dost\u0119pno\u015bci ma zastosowanie do strony internetowej [&hellip;]<\/p>\n","protected":false},"author":1,"featured_media":0,"parent":0,"menu_order":0,"comment_status":"closed","ping_status":"closed","template":"","meta":{"_uag_custom_page_level_css":"","site-sidebar-layout":"no-sidebar","site-content-layout":"page-builder","ast-site-content-layout":"default","site-content-style":"default","site-sidebar-style":"default","ast-global-header-display":"","ast-banner-title-visibility":"","ast-main-header-display":"","ast-hfb-above-header-display":"","ast-hfb-below-header-display":"","ast-hfb-mobile-header-display":"","site-post-title":"disabled","ast-breadcrumbs-content":"","ast-featured-img":"disabled","footer-sml-layout":"","theme-transparent-header-meta":"","adv-header-id-meta":"","stick-header-meta":"","header-above-stick-meta":"","header-main-stick-meta":"","header-below-stick-meta":"","astra-migrate-meta-layouts":"default","ast-page-background-enabled":"default","ast-page-background-meta":{"desktop":{"background-color":"","background-image":"","background-repeat":"repeat","background-position":"center center","background-size":"auto","background-attachment":"scroll","background-type":"","background-media":"","overlay-type":"","overlay-color":"","overlay-opacity":"","overlay-gradient":""},"tablet":{"background-color":"","background-image":"","background-repeat":"repeat","background-position":"center center","background-size":"auto","background-attachment":"scroll","background-type":"","background-media":"","overlay-type":"","overlay-color":"","overlay-opacity":"","overlay-gradient":""},"mobile":{"background-color":"","background-image":"","background-repeat":"repeat","background-position":"center center","background-size":"auto","background-attachment":"scroll","background-type":"","background-media":"","overlay-type":"","overlay-color":"","overlay-opacity":"","overlay-gradient":""}},"ast-content-background-meta":{"desktop":{"background-color":"var(--ast-global-color-5)","background-image":"","background-repeat":"repeat","background-position":"center center","background-size":"auto","background-attachment":"scroll","background-type":"","background-media":"","overlay-type":"","overlay-color":"","overlay-opacity":"","overlay-gradient":""},"tablet":{"background-color":"var(--ast-global-color-5)","background-image":"","background-repeat":"repeat","background-position":"center center","background-size":"auto","background-attachment":"scroll","background-type":"","background-media":"","overlay-type":"","overlay-color":"","overlay-opacity":"","overlay-gradient":""},"mobile":{"background-color":"var(--ast-global-color-5)","background-image":"","background-repeat":"repeat","background-position":"center center","background-size":"auto","background-attachment":"scroll","background-type":"","background-media":"","overlay-type":"","overlay-color":"","overlay-opacity":"","overlay-gradient":""}},"footnotes":""},"class_list":["post-2109","page","type-page","status-publish","hentry"],"uagb_featured_image_src":{"full":false,"thumbnail":false,"medium":false,"medium_large":false,"large":false,"1536x1536":false,"2048x2048":false},"uagb_author_info":{"display_name":"admin","author_link":"https:\/\/lukladek.pl\/index.php\/author\/admin\/"},"uagb_comment_info":0,"uagb_excerpt":"Deklaracja dost\u0119pno\u015bci Deklaracja dost\u0119pno\u015bci Strona firmowa L\u0105deckich Us\u0142ug Komunalnych Sp. z o. o. L\u0105deckie Us\u0142ugi Komunalne Sp. z o.o. zobowi\u0105zuje si\u0119 zapewni\u0107 dost\u0119pno\u015b\u0107 swojej strony internetowej zgodnie z przepisami ustawy z dnia 4 kwietnia 2019 r. o dost\u0119pno\u015bci cyfrowej stron internetowych i aplikacji mobilnych podmiot\u00f3w publicznych. O\u015bwiadczenie w sprawie dost\u0119pno\u015bci ma zastosowanie do strony internetowej&hellip;","jetpack-related-posts":[],"jetpack_sharing_enabled":true,"_links":{"self":[{"href":"https:\/\/lukladek.pl\/index.php\/wp-json\/wp\/v2\/pages\/2109","targetHints":{"allow":["GET"]}}],"collection":[{"href":"https:\/\/lukladek.pl\/index.php\/wp-json\/wp\/v2\/pages"}],"about":[{"href":"https:\/\/lukladek.pl\/index.php\/wp-json\/wp\/v2\/types\/page"}],"author":[{"embeddable":true,"href":"https:\/\/lukladek.pl\/index.php\/wp-json\/wp\/v2\/users\/1"}],"replies":[{"embeddable":true,"href":"https:\/\/lukladek.pl\/index.php\/wp-json\/wp\/v2\/comments?post=2109"}],"version-history":[{"count":13,"href":"https:\/\/lukladek.pl\/index.php\/wp-json\/wp\/v2\/pages\/2109\/revisions"}],"predecessor-version":[{"id":3467,"href":"https:\/\/lukladek.pl\/index.php\/wp-json\/wp\/v2\/pages\/2109\/revisions\/3467"}],"wp:attachment":[{"href":"https:\/\/lukladek.pl\/index.php\/wp-json\/wp\/v2\/media?parent=2109"}],"curies":[{"name":"wp","href":"https:\/\/api.w.org\/{rel}","templated":true}]}}